 -28. What is the greatest common factor of 8 and s?
8
Suppose -7191 = 50*m - 59*m. What is the highest common divisor of 47 and m?
47
Let p = -227 + 339. Calculate the highest common factor of 7 and p.
7
Suppose 67 = -9*q + 553. Let k = -4 + -10. Let v = k + 20. What is the highest common factor of v and q?
6
Let j be (0*6/18)/2 - -12. Calculate the highest common factor of 876 and j.
12
Let j = -190 - -281. Let h = -51 + j. Calculate the greatest common divisor of 40 and h.
40
Suppose 0 = -5*g - 6*g + 759. Suppose 2*w = -2*o + 58, 2*o - g = w - 8. What is the greatest common divisor of 50 and o?
10
Suppose -2*a - 2*y + 3594 = 0, -39 + 24 = 5*y. What is the highest common divisor of a and 20?
20
Let l be (-10320)/(-42) + (-6)/(-21). Calculate the greatest common factor of 6 and l.
6
Let x = 254 + -186. What is the greatest common divisor of 4 and x?
4
Let u(h) = h**2 - h - 6. Let w be u(3). Suppose -4*z = 4, w*z = x - z + 41. Let i be (x/(-8))/(21/280). Calculate the highest common divisor of i and 10.
10
Suppose 0 = -d + 5*v - 3, 0 = -5*d - 5*v + 22 + 83. Let w = 80 + -90. Let n be 4*4 - (4 - (-5 - w)). Calculate the greatest common divisor of d and n.
17
Let r = 1354 + -654. Calculate the greatest common divisor of 10 and r.
10
Let n(d) = d**3 + 10*d**2 + 9*d + 18. Suppose -95*u + 99*u + 36 = 0. Let m be n(u). Calculate the greatest common factor of 63 and m.
9
Suppose 4*a - 2709 = -429. Calculate the greatest common factor of 342 and a.
114
Let k = -314 - -464. Calculate the highest common factor of 75 and k.
75
Suppose 6*f - 15 = f. Suppose 4*i = 4*d - 52, -d + f*i = -2*d + 21. Let h = 385 + -370. What is the greatest common divisor of h and d?
15
Let w be 0 - 0 - 2/(-1). Suppose 0 = -w*a - 3*a + 10. Calculate the highest common divisor of a and 2.
2
Let r be (-738)/(-66) + (-6)/33. Calculate the greatest common factor of 44 and r.
11
Let k(d) = -d**2 + 21*d - 30. Let q be k(15). Calculate the greatest common factor of q and 100.
20
Suppose -12 = -2*i - 2*k, -2*i + 6 = -4*k - 0. Let j = -1 + i. Suppose 0 = -j*s + 37 + 51. Calculate the highest common divisor of s and 242.
22
Let y = -416 - -424. Calculate the greatest common divisor of 2 and y.
2
Let q be -2 - (10 + -5 + -9). What is the highest common divisor of q and 27?
1
Let h = 15 - 10. Suppose -h*y = 2*s - 23, 5*y + s = -3 + 22. What is the highest common divisor of 24 and y?
3
Suppose 31*g = 89*g - 26796. Calculate the highest common factor of g and 12.
6
Suppose 2*k = k + 28. Suppose 7*m - k = 6*m. Calculate the highest common factor of 7 and m.
7
Let t(x) = -5*x**2 + 2*x - 1. Let b be t(1). Let s be 0 + ((-32)/b)/4. Let c = -5 + 7. What is the greatest common divisor of s and c?
2
Let g = -159 + 161. Calculate the greatest common divisor of 8 and g.
2
Let x be (-1 - -3)*(-30)/5. Let m = -56 - -35. Let j be x*(2 + m/9). Calculate the greatest common factor of j and 8.
4
Let m(v) = 23*v - 3. Let a be m(3). Let j(d) = 10*d - 6. Let q be j(3). Let n = a + q. Calculate the highest common factor of n and 10.
10
Let u be 2/(-7) + 60/14. Let r = 1 + u. Suppose r = c - 2. What is the highest common factor of 7 and c?
7
Let l = -20 - -20. Suppose 5*w + 82 - 362 = l. What is the greatest common divisor of w and 8?
8
Let m(y) = y**3 - 4*y**2 + 2*y + 5. Let i be m(4). Let f be 0 - (-7 + 1 + -59). Calculate the greatest common factor of i and f.
13
Suppose 2*i - 2*z = 56, -2*i + 38 = -i + 4*z. Let f(t) = -2*t**3 + 10*t**2 + 3*t - 5. Let x be f(5). What is the highest common divisor of i and x?
10
Suppose -3*j - 10 - 53 = -4*i, -2*j - 2 = 0. What is the greatest common factor of 255 and i?
15
Let i be 8 + 12 - (3 - -1). What is the greatest common divisor of 2 and i?
2
Let h(c) be the second derivative of 7*c**3/6 - 15*c**2 - 33*c. Let w be h(15). What is the highest common divisor of 30 and w?
15
Let i be -168*(3 - 0)/((-8)/2). Calculate the highest common divisor of i and 42.
42
Suppose 2*b - c - 341 = 0, -4*c = -b + 2*b - 175. What is the greatest common divisor of b and 57?
57
Suppose 4*s - 16 = 0, -8*b = -5*b + 5*s - 23. Calculate the highest common factor of 233 and b.
1
Let h = 379 + -187. Calculate the greatest common divisor of 16 and h.
16
Suppose -77*c + 83*c - 666 = 0. What is the greatest common divisor of 3 and c?
3
Suppose 16*k - 21*k + 80 = 0. Suppose -72 = 15*h - k*h. What is the highest common factor of 12 and h?
12
Let x(d) = -2*d + 9. Let p be x(0). Let f = p - -45. Let u = 111 + f. What is the highest common divisor of u and 15?
15
Let b be 1101/(-9) + (-22)/33. Let r = -87 - b. What is the greatest common factor of r and 18?
18
Let k(a) = 31*a + 196. Let r be k(10). What is the highest common factor of r and 92?
46
Suppose w - 1808 = -15*w. What is the highest common divisor of w and 565?
113
Let h(i) be the first derivative of i**2 + 40*i - 43. Let m be h(-5). Calculate the highest common factor of 15 and m.
15
Suppose g = 5*j - 11 - 5, 0 = -3*j - 2*g + 20. Let l = -11 + 10. Let z be (6/(-9) - 2)*(l + -5). What is the greatest common divisor of j and z?
4
Let r(u) = u**3 + 2*u**2 - 3*u - 1. Let w be r(-3). Let o be -1 - -4 - w - -26. What is the highest common factor of 6 and o?
6
Suppose 4 = 4*g - 88. Suppose -2*w - 393 - 483 = 0. Let b = 622 + w. Calculate the greatest common factor of b and g.
23
Suppose -w + 2*g + 66 = 5*g, 4*w - 179 = 5*g. Suppose -3*h + w = x - 4*h, 5*x - 255 = -3*h. Calculate the greatest common factor of 17 and x.
17
Suppose 1 = 5*o - 14. Suppose -h = -5*a + 76, 3*a - o*h + 4*h - 52 = 0. What is the highest common factor of 2 and a?
2
Let o = 25 - 13. Suppose -4*y = -6*y + 48. What is the highest common divisor of y and o?
12
Suppose -11*a + 9*a + 4 = 0. Suppose c + 3*j + 5 = 0, 3*c + 4*j - 8 = -2*c. Let z be (-68 + c)*(a + -3). What is the highest common divisor of z and 32?
32
Let f be 3/21 - 2186/14. Let x = -96 - f. What is the highest common factor of 24 and x?
12
Let h(d) = -d**2 - 10*d + 4. Let z be h(-10). Suppose -9 + 5 = z*m. Let t be -1 + m/(1/(-13)). What is the greatest common divisor of 3 and t?
3
Suppose -12672 = -145*y + 123*y. What is the highest common factor of 64 and y?
64
Let o(z) = 42*z - 97. Let u be o(16). What is the highest common factor of 25 and u?
25
Suppose -4*l + 133 = 5*s, -5*l + 179 = 3*s - s. What is the highest common divisor of 148 and l?
37
Let a be (66/231)/(1/5698). What is the highest common factor of a and 44?
44
Let h be (-24)/(-10)*20/6. Suppose 3*o + 79 + h = 0. Let c = o + 69. What is the greatest common factor of c and 10?
10
Suppose 27*b = -150 + 366. Suppose 9*g - 13*g = -24. Suppose f - g = 2. What is the highest common divisor of f and b?
8
Suppose 4*h + 3 = 5*y + 4, 2*h - y - 5 = 0. Let k be 10/h*(4 - -6). Suppose -4*p - 4 + 24 = 0. What is the highest common divisor of k and p?
5
Suppose -28 + 248 = 11*a. Let v(g) = 170*g**2 + 1. Let u be v(1). Let z = u + -121. Calculate the highest common divisor of z and a.
10
Let c(d) = 7*d**2 - d + 1. Let t be c(-4). Suppose 27 + 53 = -5*k. Let f = t - k. What is the highest common divisor of 19 and f?
19
Let h be ((-1485)/5)/((-15)/10). Calculate the highest common factor of 44 and h.
22
Let g(i) = i**2 - 3*i - 1. Let q be g(4). Suppose q*o + 27 = 66. Let w be 0 + (26*-2)/(-2). What is the greatest common divisor of o and w?
13
Let a = 37 - 21. Let m(t) = 131*t - 19. Let k be m(1). What is the highest common divisor of a and k?
16
Suppose -4*y + 16*y = 252. Suppose 8*a + 130 = y*a. Calculate the highest common divisor of 30 and a.
10
Let z be 0 + 1 + 3 + -1. Suppose z*d - 228 + 52 = 2*t, t - 122 = -2*d. Let y be 4/(-14) - 107/(-7). Calculate the greatest common divisor of d and y.
15
Suppose -306 - 614 = -5*k - 4*p, -4*p - 160 = -k. Calculate the highest common divisor of 108 and k.
36
Suppose 0 = x - 5*x + 48. Let n = 38 - x. Calculate the highest common factor of n and 13.
13
Let f be -10*1/(-12)*6. Let n(b) = 2*b**2 + 2*b + 3. Let m be n(f). Calculate the greatest common divisor of 7 and m.
7
Let l be 21/(84/160) + 2/(-2). What is the greatest common divisor of l and 104?
13
Suppose 0 = -5*u + f + 79, -u - 4*f - 1 = -0. Let z be (-1)/((-58)/(-20) - 3). What is the greatest common factor of z and u?
5
Suppose 11*t - 938 - 525 = 0. What is the greates